of u.
2
Suppose 0 = -12*h + 8*h + 4248. What are the prime factors of (-8)/(-28) - (h/(-7) + 0)?
2, 19
Let b = -1172 + 6102. What are the prime factors of b?
2, 5, 17, 29
Let h be (7055/45 - -6) + (-4)/(-18). Let s = 26 + h. List the prime factors of s.
3, 7
Suppose 0 = 8*k - 2*k - 1422. List the prime factors of k.
3, 79
Suppose 0 = 11*r - 34789 - 13479. What are the prime factors of r?
2, 1097
Suppose 0 = 4*q - 6*q + 4. Suppose -q*w - 29 + 3 = 0. Let k = 15 + w. What are the prime factors of k?
2
Suppose -34*j + 36*j = 1374. What are the prime factors of j?
3, 229
Let t(n) = -17*n - 2. Let b be t(18). What are the prime factors of b/(-2) + (-2 - -26)/6?
2, 79
Suppose -211 = -3*z + 155. List the prime factors of z.
2, 61
Let z(j) = j**3 + 11*j**2 - j - 16. Let l be z(-9). Let n = l + -91. Suppose 3*o - 4*w = n, o - 6*o = 5*w - 95. What are the prime factors of o?
2, 5
Let r(m) = -m**3 + 5*m**2 + m - 6. Suppose 3*d - 14 = j, 4 = 3*d - 0*j + j. List the prime factors of r(d).
3, 5
Suppose 0 = -2*n - 2*n - 192. Let k(b) = -b**2 + 2*b + 6. Let w be k(6). Let c = w - n. What are the prime factors of c?
2, 3, 5
Let b(d) = d**3 - 8*d**2 - 8*d - 5. Let x be b(9). Suppose y - 80 = -x*c, c - 5*y - 18 = -c. List the prime factors of c.
19
Let j = 2 + -4. Suppose -4*h = -13 - 27. Let x = h - j. List the prime factors of x.
2, 3
Suppose -4*p = -0*p + 20. Let y(m) = -m**3 - 3*m**2 - m + 7. Let f be y(p). Let w = f - 36. What are the prime factors of w?
2, 13
Let b be (-1 - 10/(-6))*(-7410)/(-52). Let x = b - 21. What are the prime factors of x?
2, 37
Let i(l) = 6*l**2 - 27 + 3*l**2 + 12*l + l**3 + 33 - l**2. List the prime factors of i(-5).
3, 7
Let l = -405 + 606. List the prime factors of l.
3, 67
Let g(u) = 4*u + 5. Let n be g(4). Let d = 77 + -68. Suppose -a - d = -n. List the prime factors of a.
2, 3
Let o = -541 + 748. Suppose l + 18 = -5*p, -7*l + 50 = -2*l - 3*p. Suppose 0 = -l*u + o - 11. What are the prime factors of u?
2, 7
Suppose -85 = -2*t - 3*t. Suppose t*g = 21*g - 392. What are the prime factors of g?
2, 7
Let y be (10 - -5)*(-6)/(-15). Let m = y - 1. Suppose -m*h = -3*h - 106. What are the prime factors of h?
53
Suppose -4*s - 17 = -5*n, 4*n - 3*s - 19 = 2*s. What are the prime factors of 20 - (0 - -1)/n?
19
Suppose -5*o = -3*o - u + 5, 7 = -4*o + 5*u. What are the prime factors of (19 - -4) + 0 + o?
2, 5
Suppose -a - a + 58 = 0. Suppose -37 = -5*s + i, -8*s + 3*s + a = 3*i. Suppose s = -4*n + 83. List the prime factors of n.
19
Suppose j - 4367 = -x - 4*x, 4*x + 4*j - 3500 = 0. List the prime factors of x.
3, 97
Let y = 208 + -189. What are the prime factors of y?
19
Suppose 2*l + 4*x = 100, -x - 1 = -3. Suppose p = 3*h + 22, -p - h = 2*h - l. List the prime factors of p.
2, 17
Let l be 2/((-3)/(-126)*3). Suppose -l = -2*h - 4*q, -h + 2*q + 19 = 5*q. Suppose -3*t = h*b - 133, b - 2*t = 5*b - 134. What are the prime factors of b?
2, 17
Let q(n) = n + 3. Let c(d) = -d**3 - 15*d**2 - d - 10. Let z be c(-15). Let p be q(z). Let l(i) = i**3 - 8*i**2 + 9*i - 6. What are the prime factors of l(p)?
2, 3, 11
Suppose 19*h - 3*h - 864 = 0. Suppose 3*a - 5*q = -44, a + q + 7 + 13 = 0. Let s = a + h. List the prime factors of s.
2, 3
Let p(a) = -82*a - 71. List the prime factors of p(-10).
7, 107
Let x be (-14)/4*((-117)/21 - -5). Let o = 28 - 1. Suppose q + o = x*q. What are the prime factors of q?
3
Let o(u) = -u + 1. Let i be o(1). Suppose i = -m + 2*m + 10. What are the prime factors of ((-22)/(-5))/((-2)/m)?
2, 11
Suppose 3*g - 2*g = 0. Suppose g = 3*d - 2*v - 97, 5*d - 6*d + 4*v = -49. List the prime factors of d.
29
Suppose 4*v = -4, -v + 44 = 4*d + 3*v. Let m be (d/9)/((-4)/12). List the prime factors of m - (4 + -2)*-37.
2, 5, 7
Suppose -2*t + 48 + 40 = 0. Suppose -d + t = -0*d. Suppose -5*y + 3*b + 380 = 0, y - 5*b - d = 10. List the prime factors of y.
79
What are the prime factors of 3 - -1 - -1696 - (-1)/(-1)?
1699
Suppose -m + 12 = -13. Suppose -3*w + 8*w = m. Suppose -2*j - j - w*r + 172 = 0, -2*j = 4*r - 114. What are the prime factors of j?
59
Let i(z) = 8*z - 25. Let u be i(-5). Let c = u - -97. Suppose -5*a + 120 = 2*f - c, 3*f - 217 = -2*a. List the prime factors of f.
71
Suppose -j - 1 = 3*n - 2, -6 = -j + 2*n. List the prime factors of ((4026/j)/(-11))/((-6)/8).
2, 61
Suppose 7*x = -20 + 48. Suppose x*b = 253 - 1. List the prime factors of b.
3, 7
List the prime factors of (-32)/6*((-2835)/10 + 3).
2, 11, 17
Let x(q) = 6*q - 38. Suppose -31*b = -27*b - 48. What are the prime factors of x(b)?
2, 17
Let u = -110 - 299. Let y = -287 - u. What are the prime factors of y?
2, 61
List the prime factors of ((-45)/(-18))/5*(-1678)/(-1).
839
Let d be (102/5)/((-27)/(-90)). Suppose 4*p = 4*j - d, 66 + 11 = 5*j - p. What are the prime factors of 12*-2*(-5)/j?
2
Suppose 0 = -l + 6 - 64. Suppose -3*a = 2*a - 405. Let i = a + l. What are the prime factors of i?
23
Let n = 3053 + -2691. List the prime factors of n.
2, 181
Let y = 198 - 162. List the prime factors of y.
2, 3
Suppose 0 = 5*b + 3*m + 340, 2*m = -5*b - 152 - 183. Let y(x) = -x**3 - 6*x**2 + 3*x + 7. Let a be y(-5). Let i = a - b. What are the prime factors of i?
2
Suppose 5*v = -2*r + 2487, 4*v + 491 = 5*v + 2*r. List the prime factors of v.
499
Let c(h) be the second derivative of -19*h**3/3 + 17*h**2/2 + 19*h. List the prime factors of c(-2).
3, 31
Suppose -7*k + 10*k = 12. Suppose -3*h + 4*m + 117 = -0*m, -3*m + 156 = k*h. What are the prime factors of h?
3, 13
Suppose -11*m + 4265 + 2071 = 0. List the prime factors of m.
2, 3
Let y(q) be the third derivative of -2/3*q**3 + 3/20*q**5 - 1/3*q**4 - 1/120*q**6 - 7*q**2 + 0*q + 0. What are the prime factors of y(7)?
2, 19
Let h(i) = -3 - 4 + i + 9 + 8. Let n be h(-5). Suppose 0 = 2*o - n*o + 18. What are the prime factors of o?
2, 3
Suppose 0 = -4*s - 5*a - 23, 2*a + 15 = -3*s - a. What are the prime factors of 197 + s + 2 + -2?
3, 5, 13
Suppose 10*u - 3350 - 4170 = 0. What are the prime factors of u?
2, 47
Let i = -37 - -43. Let l(p) = 7*p - 16. What are the prime factors of l(i)?
2, 13
Let d be (-5)/((-35)/21) - 2*-3. Let b(f) = 2*f**2 - 6*f + 15. What are the prime factors of b(d)?
3, 41
Suppose 51 = 3*v - 3*s, -5*v + 4*s + 57 + 31 = 0. Let f = v - -13. What are the prime factors of f?
3, 11
Let w = -233 - -449. What are the prime factors of w?
2, 3
Let i = -10 + 14. Let g be 22 + -1 + 0 + i. Suppose -3*v = -14 - g. List the prime factors of v.
13
Suppose 5563 + 1337 = 12*s. What are the prime factors of s?
5, 23
List the prime factors of -2 + (11 - 4 - -873).
2, 439
Let d = -30 + 44. Let o(g) = -g**3 + 14*g**2 - 7. Let s be o(d). What are the prime factors of (-3060)/(-84) - (-3)/s?
2, 3
Let p(n) = n**3 + 3*n**2 - 41*n - 3. List the prime factors of p(-7).
2, 11
Let k be (-1)/6*-2*45/3. Suppose f - 150 = -3*v, -v - v + k*f + 117 = 0. List the prime factors of v.
3, 17
Suppose -3*f - 2748 = -y, 3*f = -12*y + 16*y - 11010. List the prime factors of y.
2, 3, 17
Suppose 2*m = -m - 4*w + 26, 0 = 5*m - 3*w - 24. List the prime factors of m.
2, 3
Suppose -5*u = -3*d + d - 1196, 5*u + 4*d = 1208. What are the prime factors of u?
2, 3, 5
Suppose 3*b + z - 5203 = 0, b - 217 = -4*z + 1499. What are the prime factors of b?
2, 7, 31
Let p = -709 - -5929. List the prime factors of p.
2, 3, 5, 29
Let k(a) = 15*a**2 - 1. Let o be -1 - -3 - (-24)/3. Suppose u = o - 9. What are the prime factors of k(u)?
2, 7
Suppose u + 3*a + 19 = 0, 0*u = -3*u - 2*a - 36. What are the prime factors of u/(((-3)/(-6))/((-50)/8))?
5
Suppose 2*d + 34 = -4*f, -3*d + 39 = -2*f - 2*f. List the prime factors of (-749)/f + 2/(-9).
83
Suppose 0 = -5*n - 3*c - 14 - 2, 6 = -3*c. Let f be n/(-8) + (-86)/(-8). Suppose -f = -p - 9. List the prime factors of p.
2
Let w(s) be the second derivative of s**5/5 - s**3/2 + 3*s**2/2 + 3*s. Let k(z) be the first derivative of w(z). What are the prime factors of k(-2)?
3, 5
What are the prime factors of (-24)/5*(-23)/((-414)/(-15960))?
2, 7, 19
Suppose -3*s + 144 = 5*n, -s + 37 = -3*n - 11. Suppose -4*m + s = -388. Let h = m + -61. List the prime factors of h.
2, 3
Let v(d) be the second derivative of d**5/20 + d**4/6 - 5*d**3/6 - 4*d**2 - d. List the prime factors of v(4).
2, 17
Let u = 2529 - 1363. List the prime factors of u.
2